1?
6511320
In base 2, what is -1000000001001110011100 - 1100?
-1000000001001110101000
In base 5, what is -20143444 - 204?
-20144203
In base 11, what is -443 + 10642?
101aa
In base 12, what is -12909 - 376?
-13083
In base 13, what is -3 + bb12a6?
bb12a3
In base 14, what is 1c7dad3 - -26?
1c7db19
In base 3, what is -1121201121011 - -10?
-1121201121001
In base 11, what is -74 + -125208?
-125281
In base 9, what is 160766 - 387?
160368
In base 9, what is 2637 + 7145?
10783
In base 4, what is 1311100223230131 - -2?
1311100223230133
In base 10, what is 634185 + -468?
633717
In base 2, what is 1100100100110010001 + -10100?
1100100100101111101
In base 3, what is -21011 - 1011100021020?
-1011100112101
In base 3, what is -22 - -120100210202?
120100210110
In base 4, what is -1100331100 - 130332?
-1101122032
In base 12, what is 1b4 + -255464?
-255270
In base 15, what is 4 - ab3d03c?
-ab3d038
In base 13, what is 5 - 6c2283?
-6c227b
In base 15, what is c0ceb + b?
c0d07
In base 5, what is -223132 + 423?
-222204
In base 3, what is 20 - -1000200210102?
1000200210122
In base 15, what is 60ce9b + -2?
60ce99
In base 7, what is -120164 - 102?
-120266
In base 16, what is 1150e + -64?
114aa
In base 16, what is -3 - 11734?
-11737
In base 12, what is 93 - -23764?
23837
In base 13, what is -160 - -2a94b?
2a7bb
In base 8, what is 5177 + 37031?
44230
In base 12, what is 7718 - -19b9?
9515
In base 13, what is -5b3 + 1a5a?
1477
In base 3, what is 10 - 102111112001202?
-102111112001122
In base 6, what is 432 + -14031204?
-14030332
In base 15, what is 8 - -19d009?
19d012
In base 14, what is -23768 - 19a?
-23924
In base 5, what is 140 - 201344022?
-201343332
In base 3, what is -2121 - -121202212202?
121202210011
In base 14, what is -8829bc + -5?
-8829c3
In base 5, what is -130004003 - -200?
-130003303
In base 9, what is 402824 - -1001?
403825
In base 8, what is -175753217 - -5?
-175753212
In base 3, what is 10102 + 110101202211?
110101220020
In base 11, what is 141972 + 2a55?
144917
In base 8, what is -32756361 + -1?
-32756362
In base 14, what is -1 + -1c732c2?
-1c732c3
In base 3, what is -12 + -121201021100021?
-121201021100110
In base 12, what is 33 + -5545?
-5512
In base 8, what is 210 - -5147415?
5147625
In base 6, what is -44005 + 21145?
-22420
In base 12, what is 971455 - -3?
971458
In base 5, what is -3131031 - -3222?
-3122304
In base 10, what is 16440 - 1064?
15376
In base 7, what is -10 + -3062646302?
-3062646312
In base 5, what is 424243012 + 12?
424243024
In base 8, what is -11402 - -51256?
37654
In base 4, what is -2 - 12020231322033?
-12020231322101
In base 2, what is -100000011101100101011100 - 110111?
-100000011101100110010011
In base 9, what is 5 + -2506665?
-2506660
In base 11, what is -186 - -25403?
25228
In base 3, what is -112112100 - -1222111?
-110112212
In base 3, what is -2 + -20200212211220002?
-20200212211220011
In base 2, what is -10000110011001100101 - -111100010?
-10000110010010000011
In base 6, what is 103232 - 1342?
101450
In base 14, what is -72a - -1b10b?
1a7c1
In base 4, what is -202303011301220 - -11?
-202303011301203
In base 2, what is 10001111001011010110 + -1010000?
10001111001010000110
In base 3, what is -100011101100202 - -12?
-100011101100120
In base 7, what is -252461 + -560?
-253351
In base 2, what is 1101 + -11010010011000011001?
-11010010011000001100
In base 7, what is -2 + 611343056?
611343054
In base 15, what is 27c0 + -25?
279a
In base 13, what is 103c7 + 48?
10442
In base 5, what is -4321401444 + -10?
-4321402004
In base 10, what is -1870094 - -21?
-1870073
In base 11, what is 419258 - -2?
41925a
In base 13, what is -4 + 132aac7?
132aac3
In base 9, what is -5 + 4725728?
4725723
In base 8, what is 2 - 10757724?
-10757722
In base 9, what is 136 - 1524108?
-1523862
In base 11, what is 3068 - 1a4452?
-1a1395
In base 16, what is 884a - -100d?
9857
In base 14, what is -1939c804 - -1?
-1939c803
In base 8, what is 523260 + 12?
523272
In base 7, what is 203021 + -316?
202402
In base 12, what is 19525a - 7?
195253
In base 4, what is 1123133212 + -30?
1123133122
In base 16, what is 2 + b0bd0e?
b0bd10
In base 13, what is c + -241187c?
-2411870
In base 7, what is 1243 - 16633345?
-16632102
In base 2, what is 1100000000110 - 11110000001?
1000010000101
In base 15, what is 228c - -456?
26e3
In base 3, what is 20021110211 + 1122?
20021112110
In base 3, what is -200110221222112 + 12?
-200110221222100
In base 5, what is -14031 + -43412?
-112443
In base 13, what is 17 - 383ba?
-383a3
In base 8, what is -31 + 3121304?
3121253
In base 5, what is 434 + -3224331?
-3223342
In base 9, what is -65 - -3468265?
3468200
In base 14, what is 21b + -2534b?
-25130
In base 7, what is 2464562015 - -1?
2464562016
In base 10, what is 1219 - 25540?
-24321
In base 6, what is -24240255 + -1251?
-24241550
In base 9, what is -241508 + -87?
-241606
In base 3, what is 2211101210120222 + 210?
2211101210121202
In base 5, what is -20420 + -1221144?
-1242114
In base 12, what is 67 - 198449?
-1983a2
In base 9, what is -3 - -11843728?
11843725
In base 16, what is -c85 + 989?
-2fc
In base 11, what is 4217595 - -1?
4217596
In base 12, what is a0 - 163a3a?
-16395a
In base 15, what is 130 - 20a6b?
-2093b
In base 4, what is -32232223023023 - -10?
-32232223023013
In base 6, what is 25333412452 - 3?
25333412445
In base 11, what is 292 - -330931?
331113
In base 15, what is -5574b18 + -1?
-5574b19
In base 15, what is -20991e + -192?
-209ab1
In base 11, what is 1 + 3548622?
3548623
In base 4, what is 12121203 - 3230331?
2230212
In base 7, what is 655612 - -4?
655616
In base 10, what is 317 + -30757?
-30440
In base 3, what is -11210 + 20012210?
20001000
In base 11, what is -76483880 + -6?
-76483886
In base 16, what is -13b633f + 4?
-13b633b
In base 5, what is -10140040 - -100?
-10134440
In base 8, what is -3 - 14773521?
-14773524
In base 15, what is -5b64a - 16d?
-5b7b8
In base 6, what is 1311 - -25215?
30530
In base 16, what is -2995c4 + b?
-2995b9
In base 16, what is -7 - 4c8283?
-4c828a
In base 5, what is -401 - -1233132040?
1233131134
In base 13, what is -2c341 - 35?
-2c376
In base 11, what is -38 - -337a618?
337a590
In base 15, what is -7b7 - -127a00?
127238
In base 14, what is 31 - 6c2a0?
-6c26d
In base 4, what is -1202021233210 - 2?
-1202021233212
In base 3, what is 102 + -2000210020110?
-2000210020001
In base 7, what is 443 - -2633461?
2634234
In base 6, what is -3 + -150140353?
-150140400
In base 9, what is -504 - 188226?
-188731
In base 4, what is 10 - 3102313103?
-3102313033
In base 9, what is -35282 + 2432?
-32750
In base 16, what is -34 + -12429?
-1245d
In base 9, what is -3 + 57755341?
57755337
In base 16, what is 7b4 - -200d?
27c1
In base 12, what is -1 + 499bb93?
499bb92
In base 3, what is 102022002002 - 2020?
102021222212
In base 2, what is 111 + -11000101010000011110001?
-11000101010000011101010
In base 8, what is 63 + -2005455?
-2005372
In base 11, what is -3912041 - 1?
-3912042
In base 13, what is -7 - -33c420b?
33c4204
In base 4, what is 2 + -1233003311?
-1233003303
In base 14, what is -86a2 + a89?
-7a17
In base 16, what is 7c315de - -2?
7c315e0
In base 8, what is -1 - -25551356?
25551355
In base 3, what is 1122022001111210 + -10?
1122022001111200
In base 7, what is -2 - 3065565066?
-3065565101
In base 14, what is 90da47 + -6?
90da41
In base 9, what is -603 - -166387?
165684
In base 11, what is 6 - -2a1080?
2a1086
In base 8, what is -37 + -176720?
-176757
In base 4, what is 11011132020 - -10?
11011132030
In base 12, what is -66b4a8 - -110?
-66b398
In base 15, what is -2bd - -ba62?
b794
In base 16, what is 9276 + 50?
92c6
In base 16, what is -2f7f - -256?
-2d29
In base 8, what is 3 - -23146336?
23146341
In base 12, what is -b27 - 53b4?
-631b
In base 10, what is 2044078 + -5?
2044073
In base 15, what is 1 + 4dba11c?
4dba11d
In base 12, what is -a7 - -24123b?
241154
In base 6, what is 0 - -135435?
135435
In base 2, what is 110100110010111 + -10000011111100?
100100010011011
In base 12, what is -74 + -522917?
-52298b
In base 5, what is 1 + 1434111143?
1434111144
In base 9, what is 487241164 + -1?
487241163
In base 11, what is -27 - -1896866?
189683a
In base 7, what is -10353541 + -104?
-10353645
In base 14, what is 0 - 6bb63b6?
-6bb63b6
In base 13, what is 11267b87 - -1